{"id":1591,"date":"2023-06-24T19:22:20","date_gmt":"2023-06-24T17:22:20","guid":{"rendered":"http:\/\/cestlete.be\/?page_id=1591"},"modified":"2023-06-24T19:22:20","modified_gmt":"2023-06-24T17:22:20","slug":"art-monumental","status":"publish","type":"page","link":"https:\/\/cestlete.be\/index.php\/art-monumental\/","title":{"rendered":"Art monumental"},"content":{"rendered":"\n<p>Un stage pour des jeunes engag\u00e9s et curieux ! \ud83c\udfa8\ud83c\udf0d<\/p>\n\n\n\n<p>\ud83c\udf1f Rejoignez-nous pour un stage artistique inoubliable et cr\u00e9ez une \u0153uvre monumentale sur le th\u00e8me de l&rsquo;exil et des migrations, en partenariat avec le centre d&rsquo;accueil de la Croix-Rouge ! \ud83d\uddfa\ufe0f\ud83e\udd1d<\/p>\n\n\n\n<p>\u00cates-vous pr\u00eat \u00e0 vivre une exp\u00e9rience artistique immersive et \u00e0 cr\u00e9er un lien profond avec des jeunes accueillis au centre d&rsquo;accueil de la Croix-Rouge ? Nous vous invitons \u00e0 participer \u00e0 ce stage unique o\u00f9 vous pourrez exprimer votre cr\u00e9ativit\u00e9 tout en partageant des moments d&rsquo;\u00e9change et de partage avec des jeunes qui ont v\u00e9cu des parcours migratoires. Ensemble, nous cr\u00e9erons une \u0153uvre monumentale qui repr\u00e9sentera l&rsquo;espoir, la r\u00e9silience et l&rsquo;unit\u00e9 au c\u0153ur de la cit\u00e9 du Luchet d&rsquo;Antoing.<\/p>\n\n\n\n<figure class=\"wp-block-image size-large\"><img loading=\"lazy\" decoding=\"async\" width=\"1024\" height=\"1024\" src=\"http:\/\/cestlete.be\/wp-content\/uploads\/2023\/06\/Art-monumental-2-1024x1024.jpg\" alt=\"\" class=\"wp-image-1592\" srcset=\"https:\/\/cestlete.be\/wp-content\/uploads\/2023\/06\/Art-monumental-2-1024x1024.jpg 1024w, https:\/\/cestlete.be\/wp-content\/uploads\/2023\/06\/Art-monumental-2-400x400.jpg 400w, https:\/\/cestlete.be\/wp-content\/uploads\/2023\/06\/Art-monumental-2-150x150.jpg 150w, https:\/\/cestlete.be\/wp-content\/uploads\/2023\/06\/Art-monumental-2-768x768.jpg 768w, https:\/\/cestlete.be\/wp-content\/uploads\/2023\/06\/Art-monumental-2-920x920.jpg 920w, https:\/\/cestlete.be\/wp-content\/uploads\/2023\/06\/Art-monumental-2-230x230.jpg 230w, https:\/\/cestlete.be\/wp-content\/uploads\/2023\/06\/Art-monumental-2-350x350.jpg 350w, https:\/\/cestlete.be\/wp-content\/uploads\/2023\/06\/Art-monumental-2-480x480.jpg 480w, https:\/\/cestlete.be\/wp-content\/uploads\/2023\/06\/Art-monumental-2.jpg 1080w\" sizes=\"(max-width: 1024px) 100vw, 1024px\" \/><\/figure>\n\n\n\n<p>Voici pourquoi vous ne pouvez pas manquer cette exp\u00e9rience :<\/p>\n\n\n\n<p>\ud83c\udfa8 Exprimez-vous \u00e0 travers l&rsquo;art : Ce stage vous offre l&rsquo;opportunit\u00e9 de canaliser votre passion artistique pour aborder des th\u00e9matiques profondes telles que l&rsquo;exil et les migrations. Vous pourrez utiliser diff\u00e9rents m\u00e9diums artistiques, des peintures aux installations, pour donner forme \u00e0 vos id\u00e9es et cr\u00e9er une \u0153uvre d&rsquo;art monumentale qui aura un impact durable sur la communaut\u00e9.<\/p>\n\n\n\n<p>\ud83e\udd1d Partagez des moments d&rsquo;\u00e9change et d&rsquo;inspiration : Au cours du stage, vous aurez des occasions uniques de rencontrer et d&rsquo;\u00e9changer avec des jeunes accueillis au centre d&rsquo;accueil de la Croix-Rouge. Leurs histoires, leur courage et leur r\u00e9silience serviront de source d&rsquo;inspiration pour votre cr\u00e9ation artistique. Ces \u00e9changes favoriseront la compr\u00e9hension mutuelle, la solidarit\u00e9 et l&#8217;empathie.<\/p>\n\n\n\n<p>\ud83c\udf0d Cr\u00e9ez une \u0153uvre qui raconte une histoire : Ensemble, nous construirons une \u0153uvre monumentale qui sera le reflet des exp\u00e9riences v\u00e9cues par les migrants et les personnes en exil. Votre art sera un moyen puissant de sensibiliser le public aux d\u00e9fis et aux espoirs de ces individus. Nous cr\u00e9erons une histoire visuelle qui incitera \u00e0 la r\u00e9flexion et encouragera l&rsquo;ouverture d&rsquo;esprit.<\/p>\n\n\n\n<p>\ud83c\udfad D\u00e9veloppez vos comp\u00e9tences artistiques et humaines : Ce stage vous permettra de d\u00e9velopper vos comp\u00e9tences artistiques, d&rsquo;explorer de nouvelles techniques et de repousser les limites de votre cr\u00e9ativit\u00e9. Vous b\u00e9n\u00e9ficierez \u00e9galement d&rsquo;un encadrement de la part d&rsquo;artistes exp\u00e9riment\u00e9s qui vous guideront tout au long du processus de cr\u00e9ation, en vous encourageant \u00e0 exprimer votre voix artistique unique.<\/p>\n","protected":false},"excerpt":{"rendered":"<p>Un stage pour des jeunes engag\u00e9s et curieux ! \ud83c\udfa8\ud83c\udf0d [&hellip;]<\/p>\n","protected":false},"author":1,"featured_media":0,"parent":0,"menu_order":0,"comment_status":"closed","ping_status":"closed","template":"","meta":{"footnotes":""},"_links":{"self":[{"href":"https:\/\/cestlete.be\/index.php\/wp-json\/wp\/v2\/pages\/1591"}],"collection":[{"href":"https:\/\/cestlete.be\/index.php\/wp-json\/wp\/v2\/pages"}],"about":[{"href":"https:\/\/cestlete.be\/index.php\/wp-json\/wp\/v2\/types\/page"}],"author":[{"embeddable":true,"href":"https:\/\/cestlete.be\/index.php\/wp-json\/wp\/v2\/users\/1"}],"replies":[{"embeddable":true,"href":"https:\/\/cestlete.be\/index.php\/wp-json\/wp\/v2\/comments?post=1591"}],"version-history":[{"count":1,"href":"https:\/\/cestlete.be\/index.php\/wp-json\/wp\/v2\/pages\/1591\/revisions"}],"predecessor-version":[{"id":1593,"href":"https:\/\/cestlete.be\/index.php\/wp-json\/wp\/v2\/pages\/1591\/revisions\/1593"}],"wp:attachment":[{"href":"https:\/\/cestlete.be\/index.php\/wp-json\/wp\/v2\/media?parent=1591"}],"curies":[{"name":"wp","href":"https:\/\/api.w.org\/{rel}","templated":true}]}}