{"id":308,"date":"2017-06-01T13:33:08","date_gmt":"2017-06-01T11:33:08","guid":{"rendered":"http:\/\/cestlete.be\/?page_id=308"},"modified":"2022-05-31T23:44:06","modified_gmt":"2022-05-31T21:44:06","slug":"cyclotour","status":"publish","type":"page","link":"https:\/\/cestlete.be\/index.php\/cyclotour\/","title":{"rendered":"Cyclotour"},"content":{"rendered":"<p><span style=\"color: #000000;\">Prendre son v\u00e9lo (ou l&rsquo;un de ceux que nous pouvons pr\u00eater sur demande) pour participer \u00e0 une semaine tr\u00e8s vari\u00e9e. <\/span><\/p>\n<p><span style=\"color: #000000;\">L&rsquo;objectif est de rejoindre en groupe (et \u00e0 v\u00e9lo), les diff\u00e9rentes activit\u00e9s propos\u00e9es, qui sont tr\u00e8s diverses, et changent chaque ann\u00e9e.<\/span><\/p>\n<p>Informations suppl\u00e9mentaires et inscriptions :\u00a0<a href=\"http:\/\/www.adomotamo.be\">Canal J.<\/a>\u00a0 \u00a0069\/84.26.44 \u00a0\u2013\u00a0<a href=\"mailto:canalj.amo@gmail.com\">canalj.amo@gmail.com<\/a><\/p>\n","protected":false},"excerpt":{"rendered":"<p>Prendre son v\u00e9lo (ou l&rsquo;un de ceux que nous pouvons [&hellip;]<\/p>\n","protected":false},"author":1,"featured_media":0,"parent":0,"menu_order":0,"comment_status":"closed","ping_status":"closed","template":"","meta":{"footnotes":""},"_links":{"self":[{"href":"https:\/\/cestlete.be\/index.php\/wp-json\/wp\/v2\/pages\/308"}],"collection":[{"href":"https:\/\/cestlete.be\/index.php\/wp-json\/wp\/v2\/pages"}],"about":[{"href":"https:\/\/cestlete.be\/index.php\/wp-json\/wp\/v2\/types\/page"}],"author":[{"embeddable":true,"href":"https:\/\/cestlete.be\/index.php\/wp-json\/wp\/v2\/users\/1"}],"replies":[{"embeddable":true,"href":"https:\/\/cestlete.be\/index.php\/wp-json\/wp\/v2\/comments?post=308"}],"version-history":[{"count":4,"href":"https:\/\/cestlete.be\/index.php\/wp-json\/wp\/v2\/pages\/308\/revisions"}],"predecessor-version":[{"id":1514,"href":"https:\/\/cestlete.be\/index.php\/wp-json\/wp\/v2\/pages\/308\/revisions\/1514"}],"wp:attachment":[{"href":"https:\/\/cestlete.be\/index.php\/wp-json\/wp\/v2\/media?parent=308"}],"curies":[{"name":"wp","href":"https:\/\/api.w.org\/{rel}","templated":true}]}}