{"id":999,"date":"2020-06-16T15:27:42","date_gmt":"2020-06-16T13:27:42","guid":{"rendered":"http:\/\/cestlete.be\/?page_id=999"},"modified":"2020-06-16T15:27:42","modified_gmt":"2020-06-16T13:27:42","slug":"arts-creatifs","status":"publish","type":"page","link":"https:\/\/cestlete.be\/index.php\/arts-creatifs\/","title":{"rendered":"Arts cr\u00e9atifs :"},"content":{"rendered":"\n<p>Cr\u00e9ation et d\u00e9couverte de techniques artistiques de bases (fusain, sable, craie,&#8230;)Informations suppl\u00e9mentaires et inscriptions :\u00a0069\/21.14.35 &#8211; 069\/21.59.73 &#8211;\u00a0<a href=\"mailto:portouverte@gmail.com\">contact@portouverte.net<\/a><\/p>\n","protected":false},"excerpt":{"rendered":"<p>Cr\u00e9ation et d\u00e9couverte de techniques artistiques de bases (fusain, sable, [&hellip;]<\/p>\n","protected":false},"author":1,"featured_media":0,"parent":0,"menu_order":0,"comment_status":"closed","ping_status":"closed","template":"","meta":{"footnotes":""},"_links":{"self":[{"href":"https:\/\/cestlete.be\/index.php\/wp-json\/wp\/v2\/pages\/999"}],"collection":[{"href":"https:\/\/cestlete.be\/index.php\/wp-json\/wp\/v2\/pages"}],"about":[{"href":"https:\/\/cestlete.be\/index.php\/wp-json\/wp\/v2\/types\/page"}],"author":[{"embeddable":true,"href":"https:\/\/cestlete.be\/index.php\/wp-json\/wp\/v2\/users\/1"}],"replies":[{"embeddable":true,"href":"https:\/\/cestlete.be\/index.php\/wp-json\/wp\/v2\/comments?post=999"}],"version-history":[{"count":1,"href":"https:\/\/cestlete.be\/index.php\/wp-json\/wp\/v2\/pages\/999\/revisions"}],"predecessor-version":[{"id":1000,"href":"https:\/\/cestlete.be\/index.php\/wp-json\/wp\/v2\/pages\/999\/revisions\/1000"}],"wp:attachment":[{"href":"https:\/\/cestlete.be\/index.php\/wp-json\/wp\/v2\/media?parent=999"}],"curies":[{"name":"wp","href":"https:\/\/api.w.org\/{rel}","templated":true}]}}